. Let g(s) = -14*s**3 + s**2 + s + 12. Let f(c) = -4*g(c) - 11*i(c). Give f(5).
1
Let d be (-7)/4*10/15*-6. Let g(k) = k**3 - 6*k**2 - 8*k + 3. Give g(d).
-4
Let p be -15*((-12)/(-4))/9. Let s(a) = a + 4. Determine s(p).
-1
Let w be 5 - (1 + 0)*-1. Suppose -10 = -3*r - 1, 0 = 4*a - r - 13. Suppose w = a*v - v. Let k(l) = -l**2 - l + 1. Calculate k(v).
-5
Suppose 5*g + 10 = -0*g. Let l be ((-4)/g - 0) + 0. Let y(h) = 2 + 3*h**2 - 5*h**3 - 5*h**l + 6*h**3. What is y(2)?
2
Suppose -3*g + 6 = -3. Let x(r) = 0*r + 3 + 0*r + g*r + 1. Let j = 1 - 4. Determine x(j).
-5
Let k(w) = 2*w - 7. Let l = -7 - -7. Let x be 4/1 - (-1 - -3). Suppose x*u + l*u = 10. Give k(u).
3
Let b(d) = -d. Let o(g) = -7*g - 1. Let s(w) = 5*b(w) - o(w). What is s(8)?
17
Let o(x) be the third derivative of x**6/180 + x**5/20 + 2*x**3/3 - 3*x**2. Let c(r) be the first derivative of o(r). Give c(-4).
8
Let i(s) = 2*s + 20. Let x be i(-9). Let l(n) be the third derivative of -1/6*n**3 + 0 + 0*n**5 - 1/15*n**6 - n**x + 1/24*n**4 + 0*n. What is l(1)?
-8
Let m(x) be the first derivative of -x**2/2 - 2*x - 9. Give m(-2).
0
Let l(p) = 3*p**2 + p - 2. Suppose 13 = 4*i - 2*c - c, 0 = i + c + 2. Suppose -3*x - 3*q - 18 = 0, 4 = -2*q - 4. Let h be (-3*i)/((-3)/x). Give l(h).
8
Let c(n) = n - 1. Let t(l) = -5*l**2 - l. Let w be t(1). Calculate c(w).
-7
Let n(w) = -3*w**2 - 4*w - 2. Let v(x) be the first derivative of -x**2/2 - 2. Let b be v(2). Let o = -4 - b. What is n(o)?
-6
Let z(i) = -i + 2 + 88*i**3 - 66*i**3 - 3 + 0*i. Determine z(-1).
-22
Let d be 1/(-4) - 44/16. Let x = 1 + d. Let a = 0 + x. Let o(g) = g + 2. What is o(a)?
0
Let s(u) be the second derivative of u**6/120 + u**5/60 + u**4/24 - u**3/3 - u**2 - 4*u. Let x(b) be the first derivative of s(b). Give x(-2).
-8
Let v(f) = 2*f**2 - 3*f + 2. Let s = 12 + -7. Suppose 0 = -s*a + 33 - 3. Suppose k = 3*m - 7, -a*k = -2*k + 5*m - 23. Give v(k).
4
Let r(u) be the first derivative of -u**3/3 + 5*u**2/2 + 2*u + 26. Determine r(4).
6
Let x(z) be the first derivative of z**3/6 - 5*z**2/2 + z - 1. Let s(h) be the first derivative of x(h). What is s(6)?
1
Let x(a) be the third derivative of 0*a**4 + 0*a - 1/60*a**5 - 4*a**2 + 0 + 0*a**3. Suppose 3*b - 5*t = 2*b + 15, -5*b = -5*t - 15. What is x(b)?
0
Let y(j) = -j**2 - 6*j - 2. Let w be y(-4). Let a(t) = -5*t - 4 + w*t - 2*t. Suppose 0 = 4*h + 2*b - 20, -b = -2*h - 0*b + 6. Give a(h).
-8
Let u(g) = -5*g**2 + 5*g + 21. Let v(c) = c**2 - c - 4. Let f(d) = -2*u(d) - 11*v(d). What is f(0)?
2
Suppose 0 = -p, -5*j + 2*p + 7 = 2. Let o be (5/j)/((-1)/(-2)). Let k(c) = 0*c - c + 2*c - o. What is k(5)?
-5
Let b(n) = -5*n + 2. Suppose -4*z + 27 = -z. Let q be 2/z + (-32)/(-18). Determine b(q).
-8
Let v(k) be the first derivative of k**3/3 + 3*k**2/2 - 3*k + 12. Give v(-4).
1
Let o(k) = -2*k + 1. Suppose 2*c - 11 = -15. What is o(c)?
5
Let l(t) = -3*t - 4 + t**3 + 2*t + t + 3*t**2. Let j be l(-3). Let c(y) = y**2 + 3*y - 5. What is c(j)?
-1
Let n(m) = m**2 - m - m**3 - 3 - m**2 - 5*m**2. Give n(-5).
2
Let p(u) = 2*u**3 + 2*u**2 - 2*u + 1. Let n be (-6)/(-10)*(-3 + 8). Suppose 3 = n*k - 0*k. Give p(k).
3
Suppose -7*p + 6*p = -5. Let g = 7 - p. Let s(a) = -2*a - 1 + 3*a**3 + 2*a**g + 0 - 3*a**2. Give s(-1).
-3
Let t be -7 - 2/(-2)*1. Let v(k) = -2*k - 4. Let q be v(-4). Let b(s) = -4 - q - s + 0. What is b(t)?
-2
Let y(s) = s**2 + s + 1. Let o(u) = u**3 + 12*u**2 + 4*u + 2. Let h(f) = o(f) - 5*y(f). What is h(-7)?
4
Let g(f) = 1. Let t(p) = p + 6. Let w(u) = 3*g(u) - t(u). Let l(o) = 2*o - 13. Let m be l(9). Suppose 2*d + 3*c - 27 = m*d, 3*d - 1 = -4*c. Calculate w(d).
2
Let k(g) = -g + 5 - 1 - 6. Determine k(4).
-6
Suppose -7*z + 30 = -2*z. Suppose -3*n + 3 = -3. Let l(j) = 4 + 0 + n - j. What is l(z)?
0
Suppose -7 - 1 = 4*d. Let y(s) be the second derivative of -s**3/6 - s**2/2 - 3*s. Give y(d).
1
Let v(r) = r**2 - 3*r - 4. Let u(y) = y**2 - 4*y - 4. Let h(p) = -3*u(p) + 4*v(p). Determine h(-3).
5
Let z(a) = -2*a**2 - 1 + 68*a - 38*a - 32*a. Give z(-1).
-1
Let w(d) = -d**2 - 13*d + 4. Let x be w(-13). Let a(h) = 5*h**2 + 4*h + 2. Let f(u) = 3*u**2 + 2*u + 1. Let z(y) = x*a(y) - 7*f(y). What is z(5)?
-14
Let t(i) = -3*i + 5. Suppose -5*d + 8 = -d. Let c = 7 - d. Suppose -c*o = 4*g - 4 - 12, 8 = 2*g - 2*o. What is t(g)?
-7
Let z(j) = j + 1. Suppose 0 = 3*t - 0 - 6. Let f be -10*(-3 - 20/(-8)). Suppose t*n = 3 - f. Calculate z(n).
0
Let m be 3*(1/(-1))/(-1). Let j(d) = -2*d**2 - 5 + 2 + 1 + m*d**2 + 3*d. Calculate j(-3).
-2
Suppose g - 3*j = 2*j - 10, 4*g + 22 = 2*j. Let v(p) = p**2 + 6*p + 3. What is v(g)?
-2
Let g(u) = 3*u + u - 4 + 0*u**2 - u**2. Let p be 2/7 + (-1080)/(-42). Let s be p/7 - 8/(-28). Determine g(s).
-4
Let k be (1/(-3))/((68/(-24))/17). Let d(v) be the second derivative of -1/20*v**5 + 0 + k*v**2 - 1/4*v**4 - 1/3*v**3 + 4*v. Calculate d(-3).
10
Let w be -1*((-15)/(-3))/(-5). Let y(t) = 21*t**3 + t**2 - t. What is y(w)?
21
Let d(v) = 3*v - 8. Suppose 0*a = -4*a - 16. Let m = a + 10. Determine d(m).
10
Let a(o) = 0 + 1 + 13*o - 11*o. Let v(q) = -7*q**2 - 7*q + 17. Let n(l) = -11*l**2 - 10*l + 26. Let t(s) = -5*n(s) + 8*v(s). Let h be t(-7). Give a(h).
-1
Suppose -n = -r, 3*n + r - 17 + 5 = 0. Let x(s) = 7 + 5*s**2 - s**3 + 0*s**3 + 0*s**n. Calculate x(5).
7
Suppose 4*k = i + 5, 5*k = -3*i + 2*i + 13. Suppose 2*d - y - 1 - 5 = 0, -2*y = -3*d + 10. Let u(o) = 3 - o**3 - o**d + 2*o**3 + 1 - 5*o - 2*o**2. Give u(i).
-11
Let j(u) = u**3 - 2*u**2 + 2*u. Let l = -9 + 19. Suppose 2*m + 2*c + c = 10, 5*c = l. Give j(m).
4
Let r(j) be the third derivative of 5*j**4/24 + j**3/2 + 2*j**2. Let g(l) = 9*l + 6. Let o(y) = 6*g(y) - 11*r(y). Let x be (0*2/(-4))/(-1). What is o(x)?
3
Let t(o) be the second derivative of -o**3/2 - 2*o**2 + 4*o. Give t(-3).
5
Let o(l) = -l**3 - 5*l**2 - 4*l - 3. Let v = -27 - -23. Determine o(v).
-3
Let y(l) = 2*l + 1. Let h(j) = j**2 - 5*j - 1. Let s be h(7). Let i = -12 + s. Calculate y(i).
3
Let q = -6 - -10. Let s(k) = 1 - 1 - k**2 - 1 + q*k. Let x(v) = -6*v - 1. Let m be x(-1). Calculate s(m).
-6
Let v(z) be the first derivative of z**2/2 + 5*z + 25. Give v(-5).
0
Suppose -z = -4*d + 4, -10 = -5*d - 2*z + 8. Suppose 0 = -d*n - 2*n + 8. Let j(g) = -3*g**2 + 2*g - 2. Determine j(n).
-10
Let z(l) = 0*l**2 - l**3 + 10*l - 12*l - 3*l**2. Suppose 3*h = 12, -7*t + 3*h - 24 = -3*t. Calculate z(t).
6
Let y be (-3 + 8)*(-3)/(-5). Suppose y*r - 5*m + 19 = 5*r, 2*r + m - 7 = 0. Let w(f) = -f**2 - 1. Determine w(r).
-5
Let g(m) = -m**3 - 7*m**2 - 6*m + 4. Let y be g(-6). Let l(n) = -n**2 + 4. Give l(y).
-12
Suppose 6 = -2*i + 3*i. Let u(l) = 7*l**2 + 2 + i*l + 0 - 5*l + l**3 + 0. What is u(-7)?
-5
Let n(m) = -5*m**2 - m. Let p = 5 - 2. Suppose -4*c + 5*c + 2 = 0, 11 = -5*h - p*c. Let a be n(h). Let j(l) = l**2 + 3*l - 5. What is j(a)?
-1
Let s = -10 + 14. Let l(h) be the second derivative of 1/20*h**5 + 1/2*h**2 + 1/6*h**3 + 1/3*h**s + 0 - 2*h. Determine l(-4).
-3
Suppose -2*a + 6 = -0. Let r(v) = 9*v + 5 - 10*v + a. Calculate r(4).
4
Suppose -2*l - 14 = -5*m, m + 6 = -4*l - 0*l. Suppose -4*x = -m*x - 6. Let a(g) = g + 1. What is a(x)?
4
Let k be (4/6)/((-1)/(-3)). Let x(t) = -2 + k - t. Let a(l) = -2*l. Let r be a(1). Determine x(r).
2
Let t(m) be the first derivative of -m - 5/2*m**2 + 6. Suppose 3 = b + 2. Give t(b).
-6
Let u be (0*((-4)/12 - 0))/(-2). Let f(q) = q**2 + q - 9. Determine f(u).
-9
Let f(y) be the first derivative of -y**7/840 + y**6/360 + y**5/60 - y**4/8 + y**3/3 + 3. Let p(s) be the third derivative of f(s). Calculate p(2).
-3
Let v(b) = -7*b**2 + 8*b - 6. Let m(q) = 3*q**2 - 4*q + 3. Let i(f) = -9*m(f) - 4*v(f). What is i(-5)?
2
Let z(d) be the first derivative of 4*d + 3/2*d**2 + 1/3*d**3 - 2. What is z(-3)?
4
Let l(v) = 1 + 0*v + 0 - 2*v - v. Determine l(3).
-8
Let f(p) = -8 + 2 + 5 + 2*p. What is f(-3)?
-7
Let w(z) = -4*z + 5 - 2*z**2 + 3*z**2 - 4 + 2. What is w(5)?
8
Let m(t) = 4*t + 2. Suppose 2*z - 5*f = -19, -5*z - 3*f = -2 + 3. Let s(d) = -d**2 - d. Let j be s(z). Give m(j).
-6
Let t = -1 + -1. Let n(r) be the third derivative of 0 - 1/3*r**3 + 1/24*r**4 - 1/30*r**5 + 0*r - 1/60*r**6 - 2*r**2. What is n(t)?
4
Let d(a) = -3*a**2 + 3*a - 5. Suppose -2*i + 30 = 4*o, i + 19 = 6*i - 4*o. Let m(y) = -4*y**2 + 5*y - 7. Let w(z) = i*d(z) - 5*m(z). Calcula